{"id":2,"date":"2015-10-14T12:42:58","date_gmt":"2015-10-14T11:42:58","guid":{"rendered":"http:\/\/archersdelamee.org\/wordpress\/?page_id=2"},"modified":"2025-09-10T14:04:35","modified_gmt":"2025-09-10T12:04:35","slug":"page-d-exemple","status":"publish","type":"page","link":"https:\/\/archersdelamee.org\/wordpress\/index.php\/page-d-exemple\/","title":{"rendered":"Accueil"},"content":{"rendered":"<p><img loading=\"lazy\" decoding=\"async\" class=\"alignnone size-medium wp-image-13300\" src=\"https:\/\/archersdelamee.org\/wordpress\/wp-content\/uploads\/2025\/05\/Ambition_24-25-300x76.png\" alt=\"\" width=\"300\" height=\"76\" srcset=\"https:\/\/archersdelamee.org\/wordpress\/wp-content\/uploads\/2025\/05\/Ambition_24-25-300x76.png 300w, https:\/\/archersdelamee.org\/wordpress\/wp-content\/uploads\/2025\/05\/Ambition_24-25-1024x259.png 1024w, https:\/\/archersdelamee.org\/wordpress\/wp-content\/uploads\/2025\/05\/Ambition_24-25-768x194.png 768w, https:\/\/archersdelamee.org\/wordpress\/wp-content\/uploads\/2025\/05\/Ambition_24-25-1536x389.png 1536w, https:\/\/archersdelamee.org\/wordpress\/wp-content\/uploads\/2025\/05\/Ambition_24-25-24x6.png 24w, https:\/\/archersdelamee.org\/wordpress\/wp-content\/uploads\/2025\/05\/Ambition_24-25-36x9.png 36w, https:\/\/archersdelamee.org\/wordpress\/wp-content\/uploads\/2025\/05\/Ambition_24-25-48x12.png 48w, https:\/\/archersdelamee.org\/wordpress\/wp-content\/uploads\/2025\/05\/Ambition_24-25.png 1976w\" sizes=\"auto, (max-width: 300px) 100vw, 300px\" \/><\/p>\n<h1><span style=\"font-size: 14pt; background-color: #ffff00; color: #000000;\"><strong>Horaires d&#8217;entra\u00eenements<\/strong> 2025-2026:<\/span><\/h1>\n<table style=\"height: 181px; width: 99.9249%; border-collapse: collapse;\">\n<tbody>\n<tr style=\"height: 14px;\">\n<td style=\"width: 23.3941%; height: 14px;\"><strong>LUNDI<\/strong><\/td>\n<td style=\"width: 23.9051%; height: 14px;\">18h &#8211; 23h<\/td>\n<td style=\"width: 24.6535%; height: 14px;\">Entra\u00eenement libre<\/td>\n<td style=\"width: 98.6872%; height: 14px;\"><\/td>\n<\/tr>\n<tr style=\"height: 20px;\">\n<td style=\"width: 23.3941%; height: 20px;\" rowspan=\"2\"><strong>MARDI<\/strong><\/td>\n<td style=\"width: 23.9051%; height: 20px;\">18h00 &#8211; 20h<\/td>\n<td style=\"width: 24.6535%; height: 20px;\"><span style=\"background-color: #00ffff;\">Entra\u00eenement encadr\u00e9<\/span><\/td>\n<td style=\"width: 98.6872%; height: 20px;\"><\/td>\n<\/tr>\n<tr>\n<td style=\"width: 23.9051%;\">20h &#8211; 22h<\/td>\n<td style=\"width: 24.6535%;\">Entra\u00eenement Libre<\/td>\n<td style=\"width: 98.6872%;\"><\/td>\n<\/tr>\n<tr style=\"height: 18px;\">\n<td style=\"width: 23.3941%; height: 18px;\" rowspan=\"3\"><strong>MERCREDI<\/strong><\/td>\n<td style=\"width: 23.9051%; height: 18px;\">14h30 &#8211; 16h<\/td>\n<td style=\"width: 24.6535%; height: 18px;\"><span style=\"background-color: #00ffff;\">Entra\u00eenement encadr\u00e9 *<\/span><\/td>\n<td style=\"width: 98.6872%; height: 18px;\">moins de 10 ans<\/td>\n<\/tr>\n<tr style=\"height: 21px;\">\n<td style=\"width: 23.9051%; height: 21px;\">16h &#8211; 17h30<\/td>\n<td style=\"width: 24.6535%; height: 21px;\"><span style=\"background-color: #00ffff;\">Entra\u00eenement encadr\u00e9 *<\/span><\/td>\n<td style=\"width: 98.6872%; height: 21px;\">\u00e2ge 10-16 ans<\/td>\n<\/tr>\n<tr style=\"height: 21px;\">\n<td style=\"width: 23.9051%; height: 21px;\">17h30 &#8211; 19h<\/td>\n<td style=\"width: 24.6535%; height: 21px;\"><span style=\"background-color: #00ffff;\">Entra\u00eenement encadr\u00e9 *<\/span><\/td>\n<td style=\"width: 98.6872%; height: 21px;\">\u00e2ge 16-20 ans<\/td>\n<\/tr>\n<tr style=\"height: 17px;\">\n<td style=\"width: 23.3941%; height: 17px;\" rowspan=\"2\"><strong>VENDREDI<\/strong><\/td>\n<td style=\"width: 23.9051%; height: 17px;\">20h &#8211; 22h<\/td>\n<td style=\"width: 24.6535%; height: 17px;\"><span style=\"background-color: #00ffff;\">Entra\u00eenement encadr\u00e9 *<\/span><\/td>\n<td style=\"width: 98.6872%; height: 17px;\">Adultes (d\u00e9butants)<\/td>\n<\/tr>\n<tr style=\"height: 15px;\">\n<td style=\"width: 23.9051%; height: 15px;\">22h &#8211; 23h<\/td>\n<td style=\"width: 24.6535%; height: 15px;\">Entra\u00eenement libre<\/td>\n<td style=\"width: 98.6872%; height: 15px;\"><\/td>\n<\/tr>\n<tr style=\"height: 11px;\">\n<td style=\"width: 23.3941%; height: 11px;\" rowspan=\"3\"><strong>SAMEDI<\/strong><\/td>\n<td style=\"width: 23.9051%; height: 11px;\">8h30 &#8211; 9h30<\/td>\n<td style=\"width: 24.6535%; height: 11px;\">Entra\u00eenement libre<\/td>\n<td style=\"width: 98.6872%; text-align: left; height: 11px;\"><\/td>\n<\/tr>\n<tr style=\"height: 12px;\">\n<td style=\"width: 23.9051%; height: 12px;\">9h30 &#8211; 12h<\/td>\n<td style=\"width: 24.6535%; height: 12px;\"><span style=\"background-color: #00ffff;\">Entra\u00eenement encadr\u00e9 *<\/span><\/td>\n<td style=\"width: 98.6872%; height: 12px;\">Comp\u00e9titeurs<\/td>\n<\/tr>\n<tr style=\"height: 16px;\">\n<td style=\"width: 23.9051%; height: 16px;\">15h &#8211; 19h<\/td>\n<td style=\"width: 24.6535%; height: 16px;\">Entra\u00eenement libre<\/td>\n<td style=\"width: 98.6872%; height: 16px;\"><\/td>\n<\/tr>\n<tr style=\"height: 16px;\">\n<td style=\"width: 23.3941%; height: 16px;\"><strong>DIMANCHE<\/strong><\/td>\n<td style=\"width: 23.9051%; height: 16px;\">8h30 &#8211; 12h<\/td>\n<td style=\"width: 24.6535%; height: 16px;\">Entra\u00eenement libre<\/td>\n<td style=\"width: 98.6872%; height: 16px;\"><\/td>\n<\/tr>\n<\/tbody>\n<\/table>\n<p><span style=\"color: #000000; background-color: #00ffff;\">*<\/span><em>Les entra\u00eenements encadr\u00e9s sont r\u00e9alis\u00e9s par des entra\u00eeneurs dipl\u00f4m\u00e9s ou encadrant f\u00e9d\u00e9ral ou entraineur f\u00e9d\u00e9ral.<\/em><\/p>\n<a href=\"https:\/\/archersdelamee.org\/wordpress\/wp-content\/uploads\/2025\/09\/eprint_20250910_135159_1216059020929928943.pdf\" class=\"pdfemb-viewer\" style=\"\" data-width=\"max\" data-height=\"max\" data-toolbar=\"bottom\" data-toolbar-fixed=\"off\">eprint_20250910_135159_1216059020929928943<\/a>\n<h1><span style=\"background-color: #ffff00;\"><strong><span style=\"font-size: 14pt; background-color: #ffff00;\">Lieux d&#8217;entra\u00eenement :<\/span><\/strong><\/span><\/h1>\n<ul style=\"list-style-type: circle;\">\n<li>Salle des agr\u00e8s du Centre Municipal des Sports de Ch\u00e2teaubriant. Saison hivernale<\/li>\n<li>Terrain des Cohardi\u00e8res Route de Juign\u00e9 \u00e0 Ch\u00e2teaubriant. Saison Estivale<\/li>\n<\/ul>\n<h1><span style=\"font-size: 14pt;\"><strong><span style=\"background-color: #ffff00;\">Tarifs d&#8217;inscription<\/span> :<\/strong> <\/span><span style=\"font-size: 14pt; color: #0000ff;\"><em>2 s\u00e9ances d&#8217;essai gratuites<\/em><\/span><\/h1>\n<table style=\"border-collapse: collapse; width: 64.0873%;\">\n<tbody>\n<tr>\n<td style=\"width: 50%;\">Licence adultes comp\u00e9tition<\/td>\n<td style=\"width: 14.0873%;\">102 \u20ac<\/td>\n<\/tr>\n<tr>\n<td style=\"width: 50%;\">Licence adultes loisirs <span style=\"background-color: #ff9900;\">*<\/span><\/td>\n<td style=\"width: 14.0873%;\">94 \u20ac<\/td>\n<\/tr>\n<tr>\n<td style=\"width: 50%;\">Licence non pratiquant<\/td>\n<td style=\"width: 14.0873%;\">85 \u20ac<\/td>\n<\/tr>\n<tr>\n<td style=\"width: 50%;\">Licence jeunes (11-20 ans)<\/td>\n<td style=\"width: 14.0873%;\">88 \u20ac<\/td>\n<\/tr>\n<tr>\n<td style=\"width: 50%;\">Licence poussin (jusqu&#8217;\u00e0 10 ans)<\/td>\n<td style=\"width: 14.0873%;\">72 \u20ac<\/td>\n<\/tr>\n<tr>\n<td style=\"width: 50%;\">Licence d\u00e9couverte <span style=\"background-color: #00ff00;\">*<\/span><\/td>\n<td style=\"width: 14.0873%;\">31 \u20ac<\/td>\n<\/tr>\n<\/tbody>\n<\/table>\n<p><span style=\"background-color: #ff9900;\">*<\/span> <em><strong>Adultes loisirs<\/strong> : la pratique est autoris\u00e9e UNIQUEMENT au sein du club<\/em><\/p>\n<p><span style=\"background-color: #00ff00;\">*<\/span> <em><strong>D\u00e9couverte<\/strong> : possible UNIQUEMENT \u00e0 partir du mois de mars de la saison en cours<\/em><\/p>\n<h1><span style=\"font-size: 14pt;\"><span style=\"background-color: #ffff00;\">Equipement<\/span> :<\/span><\/h1>\n<ul style=\"list-style-type: circle;\">\n<li>Nous proposons un kit de mat\u00e9riel pour d\u00e9butant \u00e0 65\u20ac=&gt; 8 fl\u00e8ches, 1 carquois, 1 brassard, 1 palette, 1 dragonne<\/li>\n<li>Nous mettons en location des arcs :\n<ul style=\"list-style-type: square;\">\n<li><strong style=\"font-size: revert;\">Arc simple :<\/strong><span style=\"font-size: revert;\"> 20\u20ac\/an, puis augmentation de 5\u20ac par ann\u00e9e renouvel\u00e9e. <\/span><span style=\"background-color: #999999; color: #ffffff;\">Une caution de 150\u20ac est demand\u00e9e <em>(r\u00e8glement \u00e0 part non encaiss\u00e9)<\/em>.<\/span><\/li>\n<li><strong style=\"font-size: revert;\">Arc gamme sup\u00e9rieure<\/strong><span style=\"font-size: revert;\"> : 40\u20ac\/an, puis augmentation de 5\u20ac par ann\u00e9e renouvel\u00e9e. <\/span><span style=\"color: #ffffff; background-color: #999999;\">Une caution de 250\u20ac est demand\u00e9e <em>(r\u00e8glement \u00e0 part non encaiss\u00e9)<\/em>.<\/span><\/li>\n<\/ul>\n<\/li>\n<\/ul>\n<h1><span style=\"color: #000000; font-size: 14pt; background-color: #ffff00;\">Document \u00e0 fournir pour la cr\u00e9ation de la licence F\u00e9d\u00e9ral :<\/span><\/h1>\n<ul style=\"list-style-type: circle;\">\n<li><span style=\"color: #0000ff;\">Formulaire d&#8217;inscription compl\u00e9t\u00e9<\/span><\/li>\n<li><span style=\"color: #0000ff;\">R\u00e8glement de la licence<\/span><\/li>\n<li><span style=\"color: #0000ff;\">Une photo d&#8217;identit\u00e9<\/span><\/li>\n<li><span style=\"color: #0000ff;\">une enveloppe timbr\u00e9e \u00e0 votre adresse<\/span><\/li>\n<\/ul>\n","protected":false},"excerpt":{"rendered":"<p>Horaires d&#8217;entra\u00eenements 2025-2026: LUNDI 18h &#8211; 23h Entra\u00eenement libre MARDI 18h00 &#8211; 20h Entra\u00eenement encadr\u00e9 20h &#8211; 22h Entra\u00eenement Libre MERCREDI 14h30 &#8211; 16h Entra\u00eenement encadr\u00e9 * moins de 10 &hellip; <a href=\"https:\/\/archersdelamee.org\/wordpress\/index.php\/page-d-exemple\/\" class=\"more-link\">Continuer la lecture de <span class=\"screen-reader-text\">Accueil<\/span>  <span class=\"meta-nav\">&rarr;<\/span><\/a><\/p>\n","protected":false},"author":1,"featured_media":13346,"parent":0,"menu_order":0,"comment_status":"closed","ping_status":"open","template":"page-templates\/full-width.php","meta":{"ngg_post_thumbnail":0,"footnotes":""},"class_list":["post-2","page","type-page","status-publish","has-post-thumbnail","hentry"],"jetpack_sharing_enabled":true,"_links":{"self":[{"href":"https:\/\/archersdelamee.org\/wordpress\/index.php\/wp-json\/wp\/v2\/pages\/2","targetHints":{"allow":["GET"]}}],"collection":[{"href":"https:\/\/archersdelamee.org\/wordpress\/index.php\/wp-json\/wp\/v2\/pages"}],"about":[{"href":"https:\/\/archersdelamee.org\/wordpress\/index.php\/wp-json\/wp\/v2\/types\/page"}],"author":[{"embeddable":true,"href":"https:\/\/archersdelamee.org\/wordpress\/index.php\/wp-json\/wp\/v2\/users\/1"}],"replies":[{"embeddable":true,"href":"https:\/\/archersdelamee.org\/wordpress\/index.php\/wp-json\/wp\/v2\/comments?post=2"}],"version-history":[{"count":28,"href":"https:\/\/archersdelamee.org\/wordpress\/index.php\/wp-json\/wp\/v2\/pages\/2\/revisions"}],"predecessor-version":[{"id":13368,"href":"https:\/\/archersdelamee.org\/wordpress\/index.php\/wp-json\/wp\/v2\/pages\/2\/revisions\/13368"}],"wp:featuredmedia":[{"embeddable":true,"href":"https:\/\/archersdelamee.org\/wordpress\/index.php\/wp-json\/wp\/v2\/media\/13346"}],"wp:attachment":[{"href":"https:\/\/archersdelamee.org\/wordpress\/index.php\/wp-json\/wp\/v2\/media?parent=2"}],"curies":[{"name":"wp","href":"https:\/\/api.w.org\/{rel}","templated":true}]}}