{"id":8738,"date":"2019-12-30T06:53:52","date_gmt":"2019-12-30T05:53:52","guid":{"rendered":"http:\/\/archersdelamee.org\/wordpress\/?post_type=tribe_events&#038;p=8738"},"modified":"2020-02-13T06:38:38","modified_gmt":"2020-02-13T05:38:38","slug":"assemblee-generale","status":"publish","type":"tribe_events","link":"https:\/\/archersdelamee.org\/wordpress\/index.php\/event\/assemblee-generale\/","title":{"rendered":"Assembl\u00e9e G\u00e9n\u00e9rale"},"content":{"rendered":"<p>Madame, Monsieur, amis archers, et parents<\/p>\n<p style=\"text-align: center;\"><strong>CONVOCATION \u00e0 l&#8217;Assembl\u00e9e G\u00e9n\u00e9rale<\/strong><\/p>\n<p>J&#8217;ai le plaisir de vous inviter \u00e0 l&#8217;Assembl\u00e9e G\u00e9n\u00e9rale de notre association, qui se tiendra :<\/p>\n<p style=\"padding-left: 40px;\">Le vendredi <strong>13 Mars 2020 \u00e0 20h00<\/strong><br \/>\nSalle de la ville en bois &#8211; rue Winston Churchill<br \/>\nCh\u00e2teaubriant<\/p>\n<p>L&#8217;ordre du jour sera le suivant :<\/p>\n<ul style=\"list-style-type: disc;\">\n<li>Rapport moral du pr\u00e9sident et vote<\/li>\n<li>Rapport financier du tr\u00e9sorier et vote<\/li>\n<li>Pr\u00e9sentation du budget pr\u00e9visionnel et vote<\/li>\n<li>Rapport d&#8217;activit\u00e9s, bilan sportif : comp\u00e9titions, entra\u00eenements<\/li>\n<li>Election du nouveau bureau ex\u00e9cutif<\/li>\n<li>Election du comit\u00e9 directeur<\/li>\n<li>Verre de l&#8217;amiti\u00e9<\/li>\n<\/ul>\n<p>Votre pr\u00e9sence est indispensable, pour que le quorum soit atteint et pour garantir ainsi le bon fonctionnement de notre association. Nous somme sur une ann\u00e9e \u00e9lective. Si toutefois vous ne pouvez pas \u00eatre pr\u00e9sent, il vous est possible de vous faire repr\u00e9senter par l&#8217;adh\u00e9rent de votre choix en lui donnant pouvoir.<\/p>\n<p>Nous souhaitons donc vivement votre participation.<\/p>\n<p>Je vous prie de bien vouloir agr\u00e9er, Madame, Monsieur, Chers amis, l&#8217;expression de mes cordiales salutations.<\/p>\n<p style=\"text-align: right;\">Le Pr\u00e9sident, COMMUNAL Philippe<\/p>\n<a href=\"https:\/\/archersdelamee.org\/wordpress\/wp-content\/uploads\/2019\/12\/Appel-\u00e0-candidature.pdf\" class=\"pdfemb-viewer\" style=\"\" data-width=\"max\" data-height=\"max\" data-toolbar=\"bottom\" data-toolbar-fixed=\"off\">Appel \u00e0 candidature<\/a>\n<a href=\"https:\/\/archersdelamee.org\/wordpress\/wp-content\/uploads\/2019\/12\/Bon-pour-pouvoir.pdf\" class=\"pdfemb-viewer\" style=\"\" data-width=\"max\" data-height=\"max\" data-toolbar=\"bottom\" data-toolbar-fixed=\"off\">Bon pour pouvoir<\/a>\n","protected":false},"excerpt":{"rendered":"<p>Madame, Monsieur, amis archers, et parents CONVOCATION \u00e0 l&#8217;Assembl\u00e9e G\u00e9n\u00e9rale J&#8217;ai le plaisir de vous inviter \u00e0 l&#8217;Assembl\u00e9e G\u00e9n\u00e9rale de notre association, qui se tiendra : Le vendredi 13 Mars &hellip; <a href=\"https:\/\/archersdelamee.org\/wordpress\/index.php\/event\/assemblee-generale\/\" class=\"more-link\">Continuer la lecture de <span class=\"screen-reader-text\">Assembl\u00e9e G\u00e9n\u00e9rale<\/span>  <span class=\"meta-nav\">&rarr;<\/span><\/a><\/p>\n","protected":false},"author":2,"featured_media":0,"comment_status":"open","ping_status":"closed","template":"","meta":{"ngg_post_thumbnail":0,"_tribe_events_status":"","_tribe_events_status_reason":"","footnotes":""},"tags":[],"tribe_events_cat":[20],"class_list":["post-8738","tribe_events","type-tribe_events","status-publish","hentry","tribe_events_cat-reunion","cat_reunion"],"jetpack_sharing_enabled":true,"_links":{"self":[{"href":"https:\/\/archersdelamee.org\/wordpress\/index.php\/wp-json\/wp\/v2\/tribe_events\/8738","targetHints":{"allow":["GET"]}}],"collection":[{"href":"https:\/\/archersdelamee.org\/wordpress\/index.php\/wp-json\/wp\/v2\/tribe_events"}],"about":[{"href":"https:\/\/archersdelamee.org\/wordpress\/index.php\/wp-json\/wp\/v2\/types\/tribe_events"}],"author":[{"embeddable":true,"href":"https:\/\/archersdelamee.org\/wordpress\/index.php\/wp-json\/wp\/v2\/users\/2"}],"replies":[{"embeddable":true,"href":"https:\/\/archersdelamee.org\/wordpress\/index.php\/wp-json\/wp\/v2\/comments?post=8738"}],"version-history":[{"count":4,"href":"https:\/\/archersdelamee.org\/wordpress\/index.php\/wp-json\/wp\/v2\/tribe_events\/8738\/revisions"}],"predecessor-version":[{"id":9842,"href":"https:\/\/archersdelamee.org\/wordpress\/index.php\/wp-json\/wp\/v2\/tribe_events\/8738\/revisions\/9842"}],"wp:attachment":[{"href":"https:\/\/archersdelamee.org\/wordpress\/index.php\/wp-json\/wp\/v2\/media?parent=8738"}],"wp:term":[{"taxonomy":"post_tag","embeddable":true,"href":"https:\/\/archersdelamee.org\/wordpress\/index.php\/wp-json\/wp\/v2\/tags?post=8738"},{"taxonomy":"tribe_events_cat","embeddable":true,"href":"https:\/\/archersdelamee.org\/wordpress\/index.php\/wp-json\/wp\/v2\/tribe_events_cat?post=8738"}],"curies":[{"name":"wp","href":"https:\/\/api.w.org\/{rel}","templated":true}]}}

Assemblée Générale

<p>Madame, Monsieur, amis archers, et parents</p>
<p style="text-align: center;"><strong>CONVOCATION à l&#8217;Assemblée Générale</strong></p>
<p>J&#8217;ai le plaisir de vous inviter à l&#8217;Assemblée Générale de notre association, qui se tiendra :</p>
<p style="padding-left: 40px;">Le vendredi <strong>13 Mars 2020 à 20h00</strong><br />
Salle de la ville en bois &#8211; rue Winston Churchill<br />
Châteaubriant</p>
<p>L&#8217;ordre du jour sera le suivant :</p>
<ul style="list-style-type: disc;">
<li>Rapport moral du président et vote</li>
<li>Rapport financier du trésorier et vote</li>
<li>Présentation du budget prévisionnel et vote</li>
<li>Rapport d&#8217;activités, bilan sportif : compétitions, entraînements</li>
<li>Election du nouveau bureau exécutif</li>
<li>Election du comité directeur</li>
<li>Verre de l&#8217;amitié</li>
</ul>
<p>Votre présence est indispensable, pour que le quorum soit atteint et pour garantir ainsi le bon fonctionnement de notre association. Nous somme sur une année élective. Si toutefois vous ne pouvez pas être présent, il vous est possible de vous faire représenter par l&#8217;adhérent de votre choix en lui donnant pouvoir.</p>
<p>Nous souhaitons donc vivement votre participation.</p>
<p>Je vous prie de bien vouloir agréer, Madame, Monsieur, Chers amis, l&#8217;expression de mes cordiales salutations.</p>
<p style="text-align: right;">Le Président, COMMUNAL Philippe</p>
<a href="https://archersdelamee.org/wordpress/wp-content/uploads/2019/12/Appel-à-candidature.pdf" class="pdfemb-viewer" style="" data-width="max" data-height="max" data-toolbar="bottom" data-toolbar-fixed="off">Appel à candidature</a>
<a href="https://archersdelamee.org/wordpress/wp-content/uploads/2019/12/Bon-pour-pouvoir.pdf" class="pdfemb-viewer" style="" data-width="max" data-height="max" data-toolbar="bottom" data-toolbar-fixed="off">Bon pour pouvoir</a>

<p>Madame, Monsieur, amis archers, et parents CONVOCATION à l&#8217;Assemblée Générale J&#8217;ai le plaisir de vous inviter à l&#8217;Assemblée Générale de notre association, qui se tiendra : Le vendredi 13 Mars &hellip; <a href="https://archersdelamee.org/wordpress/index.php/event/assemblee-generale/" class="more-link">Continuer la lecture de <span class="screen-reader-text">Assemblée Générale</span>  <span class="meta-nav">&rarr;</span></a></p>
